{"id":231,"date":"2024-04-05T09:57:30","date_gmt":"2024-04-05T07:57:30","guid":{"rendered":"https:\/\/brackediakoni.se\/butik\/?post_type=product&#038;p=231"},"modified":"2025-12-25T00:17:36","modified_gmt":"2025-12-24T23:17:36","slug":"trygghet-ur-stod-studiehandledning","status":"publish","type":"product","link":"https:\/\/brackediakoni.se\/webbshop\/produkt\/trygghet-ur-stod-studiehandledning\/","title":{"rendered":"Trygghet Ur St\u00f6d &#8211; studiehandledning"},"content":{"rendered":"<p>I studiehandledningen delar Sara Jon\u00e5ker och Annica Larsson med sig av sina egna erfarenheter och reflektioner kring att leda <em>Trygghet Ur St\u00f6d<\/em>.\u00a0Studiehandledningen inneh\u00e5ller tre delar:<\/p>\n<ul>\n<li>Att leda\u00a0<em>Trygghet Ur St\u00f6d<\/em><\/li>\n<li>Innan studiecirkeln b\u00f6rjar<\/li>\n<li>Studiecirkeln &#8211; f\u00f6rsta till femte tr\u00e4ffen<\/li>\n<\/ul>\n<p><a href=\"http:\/\/www.brackediakoni.se\/trust\" data-cke-saved-href=\"http:\/\/www.brackediakoni.se\/trust\">H\u00e4r kan du l\u00e4sa mer om studiecirkeln<em> &#8221;Trygghet Ur St\u00f6d&#8221;<\/em><\/a><\/p>\n","protected":false},"excerpt":{"rendered":"<p><strong>Studiehandledning<\/strong><\/p>\n<p>Studiehandledning f\u00f6r studiecirkelledarna inf\u00f6r <em>Trygghet Ur St\u00f6d &#8211; <\/em>studiecirkel f\u00f6r f\u00f6r\u00e4ldrar med psykisk oh\u00e4lsa eller NPF.<\/p>\n<p>Den inneh\u00e5ller information och\u00a0tips\u00a0till dig som cirkelledare, liksom bakgrundsmaterial f\u00f6r\u00a0respektive tr\u00e4ff.<\/p>\n<p>Du skriver ut eller best\u00e4ller en till varje studiecirkelledare. Till studiecirkeldeltagarna best\u00e4ller du var sitt <a href=\"http:\/\/brackediakoni.se\/app\/uploads\/sites\/55\/2023\/06\/trust_studiehafte_150dpi-1.pdf\">studieh\u00e4fte.<\/a><\/p>\n<p>Antal sidor: 88<\/p>\n<p><a href=\"http:\/\/brackediakoni.se\/app\/uploads\/sites\/54\/2025\/03\/Bracke_Studiehandledning_2025.pdf\">L\u00e4s eller ladda ner studiehandledningen <em>Trygghet Ur St\u00f6d<\/em><\/a><\/p>\n<p>&nbsp;<\/p>\n","protected":false},"featured_media":400,"comment_status":"open","ping_status":"closed","template":"","meta":{"_acf_changed":false},"product_brand":[],"product_cat":[22],"product_tag":[],"class_list":{"0":"post-231","1":"product","2":"type-product","3":"status-publish","4":"has-post-thumbnail","6":"product_cat-trygghet-ur-stod","8":"first","9":"instock","10":"taxable","11":"shipping-taxable","12":"purchasable","13":"product-type-simple"},"acf":[],"_links":{"self":[{"href":"https:\/\/brackediakoni.se\/webbshop\/wp-json\/wp\/v2\/product\/231","targetHints":{"allow":["GET"]}}],"collection":[{"href":"https:\/\/brackediakoni.se\/webbshop\/wp-json\/wp\/v2\/product"}],"about":[{"href":"https:\/\/brackediakoni.se\/webbshop\/wp-json\/wp\/v2\/types\/product"}],"replies":[{"embeddable":true,"href":"https:\/\/brackediakoni.se\/webbshop\/wp-json\/wp\/v2\/comments?post=231"}],"wp:featuredmedia":[{"embeddable":true,"href":"https:\/\/brackediakoni.se\/webbshop\/wp-json\/wp\/v2\/media\/400"}],"wp:attachment":[{"href":"https:\/\/brackediakoni.se\/webbshop\/wp-json\/wp\/v2\/media?parent=231"}],"wp:term":[{"taxonomy":"product_brand","embeddable":true,"href":"https:\/\/brackediakoni.se\/webbshop\/wp-json\/wp\/v2\/product_brand?post=231"},{"taxonomy":"product_cat","embeddable":true,"href":"https:\/\/brackediakoni.se\/webbshop\/wp-json\/wp\/v2\/product_cat?post=231"},{"taxonomy":"product_tag","embeddable":true,"href":"https:\/\/brackediakoni.se\/webbshop\/wp-json\/wp\/v2\/product_tag?post=231"}],"curies":[{"name":"wp","href":"https:\/\/api.w.org\/{rel}","templated":true}]}}