{"id":27,"date":"2024-01-10T12:55:56","date_gmt":"2024-01-10T11:55:56","guid":{"rendered":"https:\/\/brackediakoni.se\/butik\/?post_type=product&#038;p=27"},"modified":"2026-03-25T10:22:06","modified_gmt":"2026-03-25T09:22:06","slug":"i-nod-och-lust-erfarenhetsbok-anhorig-till-anhorig","status":"publish","type":"product","link":"https:\/\/brackediakoni.se\/webbshop\/produkt\/i-nod-och-lust-erfarenhetsbok-anhorig-till-anhorig\/","title":{"rendered":"Anh\u00f6rig till anh\u00f6rig"},"content":{"rendered":"<p><em><strong>Erfarenhetsbok<\/strong><\/em><\/p>\n<p><em><strong>Fr\u00e5n anh\u00f6rig till anh\u00f6rig &#8211; i n\u00f6d och lust\u00a0<\/strong><\/em><br \/>\nBoken bygger p\u00e5 vad anh\u00f6riga s\u00e4ger att de hade velat l\u00e4sa om n\u00e4r de sj\u00e4lva blev anh\u00f6riga till sin partner. Boken \u00e4r framtagen tillsammans med anh\u00f6riga genom arvfondsprojektet I n\u00f6d och lust.<\/p>\n<p>I b\u00f6rjan av varje kapitel finns anh\u00f6rigas egna ber\u00e4ttelser som vi f\u00e5tt ta del av i v\u00e5ra m\u00f6ten.<br \/>\nD\u00e4refter f\u00f6ljer faktatexter och reflektionsfr\u00e5gor. Allt f\u00f6r att hj\u00e4lpa dig att l\u00e4ttare f\u00e5 syn p\u00e5 hur<br \/>\nditt liv och din situation ser ut samt ta del av tips och r\u00e5d om \u00e5tg\u00e4rder som hj\u00e4lpt andra<br \/>\natt m\u00e5 b\u00e4ttre.<\/p>\n<p><strong>Ur inneh\u00e5llet:<\/strong><br \/>\nMin egen h\u00e4lsa<br \/>\nOxytocin och ber\u00f6ring<br \/>\nF\u00f6r\u00e4ndringen<br \/>\nHemtj\u00e4nst och flytt till s\u00e4rskilt boende<br \/>\nV\u00e5ld, \u00f6vergrepp och kr\u00e4nkningar<br \/>\nOpratat<\/p>\n<p>Antal sidor: 51<\/p>\n<p>&nbsp;<\/p>\n","protected":false},"excerpt":{"rendered":"<p><strong>Bok<\/strong><\/p>\n<p><em>Fr\u00e5n anh\u00f6rig till anh\u00f6rig<\/em> \u00e4r en erfarenhetsbok. Den v\u00e4nder sig till dig som v\u00e5rdar eller tar hand om din partner.<\/p>\n<p><a href=\"https:\/\/brackediakoni.se\/app\/uploads\/sites\/17\/2023\/06\/fran_anhorig_till_anhorig_1.pdf\">L\u00e4s eller ladda ner boken<em> Fr\u00e5n anh\u00f6rig till anh\u00f6rig<\/em><\/a><\/p>\n<p>&nbsp;<\/p>\n","protected":false},"featured_media":436,"comment_status":"open","ping_status":"closed","template":"","meta":{"_acf_changed":false},"product_brand":[],"product_cat":[21],"product_tag":[],"class_list":{"0":"post-27","1":"product","2":"type-product","3":"status-publish","4":"has-post-thumbnail","6":"product_cat-i-nod-och-lust","8":"first","9":"instock","10":"taxable","11":"shipping-taxable","12":"purchasable","13":"product-type-simple"},"acf":[],"_links":{"self":[{"href":"https:\/\/brackediakoni.se\/webbshop\/wp-json\/wp\/v2\/product\/27","targetHints":{"allow":["GET"]}}],"collection":[{"href":"https:\/\/brackediakoni.se\/webbshop\/wp-json\/wp\/v2\/product"}],"about":[{"href":"https:\/\/brackediakoni.se\/webbshop\/wp-json\/wp\/v2\/types\/product"}],"replies":[{"embeddable":true,"href":"https:\/\/brackediakoni.se\/webbshop\/wp-json\/wp\/v2\/comments?post=27"}],"wp:featuredmedia":[{"embeddable":true,"href":"https:\/\/brackediakoni.se\/webbshop\/wp-json\/wp\/v2\/media\/436"}],"wp:attachment":[{"href":"https:\/\/brackediakoni.se\/webbshop\/wp-json\/wp\/v2\/media?parent=27"}],"wp:term":[{"taxonomy":"product_brand","embeddable":true,"href":"https:\/\/brackediakoni.se\/webbshop\/wp-json\/wp\/v2\/product_brand?post=27"},{"taxonomy":"product_cat","embeddable":true,"href":"https:\/\/brackediakoni.se\/webbshop\/wp-json\/wp\/v2\/product_cat?post=27"},{"taxonomy":"product_tag","embeddable":true,"href":"https:\/\/brackediakoni.se\/webbshop\/wp-json\/wp\/v2\/product_tag?post=27"}],"curies":[{"name":"wp","href":"https:\/\/api.w.org\/{rel}","templated":true}]}}