{"id":282,"date":"2024-04-08T16:44:14","date_gmt":"2024-04-08T14:44:14","guid":{"rendered":"https:\/\/brackediakoni.se\/butik\/?post_type=product&#038;p=282"},"modified":"2026-03-19T09:55:03","modified_gmt":"2026-03-19T08:55:03","slug":"det-tar-den-tid-det-tar-samtalsstartare","status":"publish","type":"product","link":"https:\/\/brackediakoni.se\/webbshop\/produkt\/det-tar-den-tid-det-tar-samtalsstartare\/","title":{"rendered":"Det tar den tid det tar &#8211; samtalsstartare"},"content":{"rendered":"<p>Br\u00e4cke projekt Trialog har samtalat med personer med egen erfarenhet\u00a0av psykisk\u00a0oh\u00e4lsa om vad man \u00f6nskar i relation till de m\u00e4nniskor som\u00a0finns i ens n\u00e4rhet.<br \/>\nI samtalen fick vi ta del av m\u00e5nga v\u00e4rdefulla insikter.<\/p>\n<p>Kanske kan du anv\u00e4nda dessa\u00a0erfarenheter f\u00f6r att starta ett samtal.<\/p>\n<p>Ur foldern:<br \/>\n&#8211; Att l\u00e4ka mentala s\u00e5r kan ta v\u00e4ldigt l\u00e5ng tid. Jag \u00f6nskar att folk f\u00f6rstod det.<br \/>\n&#8211; Jag har en del v\u00e4nner som tror att de kan ta ansvar f\u00f6r hur jag m\u00e5r.<br \/>\n&#8211; N\u00e4r folk pratar om psykisk oh\u00e4lsa l\u00e5ter det lite som om det \u00e4r n\u00e5got\u00a0man sj\u00e4lv\u00a0orsakat. Oh\u00e4lsa l\u00e5ter inte s\u00e5 allvarligt, det \u00e4r v\u00e4l bara\u00a0att sk\u00e4rpa sig.<\/p>\n","protected":false},"excerpt":{"rendered":"<p><strong>Folder<\/strong><\/p>\n<p>Insikter och \u00f6nskningar fr\u00e5n personer med allvarlig psykisk oh\u00e4lsa.<\/p>\n<p><a href=\"https:\/\/brackediakoni.se\/app\/uploads\/sites\/17\/2023\/06\/det_tar_den_tid_det_tar.pdf\">L\u00e4s eller ladda ner samtalsstartaren<em> Du \u00e4r inte ensam.<\/em><\/a><\/p>\n<p>Paket med 20 st<\/p>\n","protected":false},"featured_media":289,"comment_status":"open","ping_status":"closed","template":"","meta":{"_acf_changed":false},"product_brand":[],"product_cat":[24],"product_tag":[],"class_list":{"0":"post-282","1":"product","2":"type-product","3":"status-publish","4":"has-post-thumbnail","6":"product_cat-trialog","8":"first","9":"instock","10":"taxable","11":"shipping-taxable","12":"purchasable","13":"product-type-simple"},"acf":[],"_links":{"self":[{"href":"https:\/\/brackediakoni.se\/webbshop\/wp-json\/wp\/v2\/product\/282","targetHints":{"allow":["GET"]}}],"collection":[{"href":"https:\/\/brackediakoni.se\/webbshop\/wp-json\/wp\/v2\/product"}],"about":[{"href":"https:\/\/brackediakoni.se\/webbshop\/wp-json\/wp\/v2\/types\/product"}],"replies":[{"embeddable":true,"href":"https:\/\/brackediakoni.se\/webbshop\/wp-json\/wp\/v2\/comments?post=282"}],"wp:featuredmedia":[{"embeddable":true,"href":"https:\/\/brackediakoni.se\/webbshop\/wp-json\/wp\/v2\/media\/289"}],"wp:attachment":[{"href":"https:\/\/brackediakoni.se\/webbshop\/wp-json\/wp\/v2\/media?parent=282"}],"wp:term":[{"taxonomy":"product_brand","embeddable":true,"href":"https:\/\/brackediakoni.se\/webbshop\/wp-json\/wp\/v2\/product_brand?post=282"},{"taxonomy":"product_cat","embeddable":true,"href":"https:\/\/brackediakoni.se\/webbshop\/wp-json\/wp\/v2\/product_cat?post=282"},{"taxonomy":"product_tag","embeddable":true,"href":"https:\/\/brackediakoni.se\/webbshop\/wp-json\/wp\/v2\/product_tag?post=282"}],"curies":[{"name":"wp","href":"https:\/\/api.w.org\/{rel}","templated":true}]}}

<p>Bräcke projekt Trialog har samtalat med personer med egen erfarenhet av psykisk ohälsa om vad man önskar i relation till de människor som finns i ens närhet.<br />
I samtalen fick vi ta del av många värdefulla insikter.</p>
<p>Kanske kan du använda dessa erfarenheter för att starta ett samtal.</p>
<p>Ur foldern:<br />
&#8211; Att läka mentala sår kan ta väldigt lång tid. Jag önskar att folk förstod det.<br />
&#8211; Jag har en del vänner som tror att de kan ta ansvar för hur jag mår.<br />
&#8211; När folk pratar om psykisk ohälsa låter det lite som om det är något man själv orsakat. Ohälsa låter inte så allvarligt, det är väl bara att skärpa sig.</p>

<p><strong>Folder</strong></p>
<p>Insikter och önskningar från personer med allvarlig psykisk ohälsa.</p>
<p><a href="https://brackediakoni.se/app/uploads/sites/17/2023/06/det_tar_den_tid_det_tar.pdf">Läs eller ladda ner samtalsstartaren<em> Du är inte ensam.</em></a></p>
<p>Paket med 20 st</p>
